36 = -610*x + 703*x. What is the remainder when 174 is divided by x?
18
Let v be 34/(-12) - (-3)/(-36)*2. Let z(g) = 3*g**3 + 7*g**2 + 8*g - 4. Let o be z(v). Let u = 62 + o. What is the remainder when u is divided by 11?
5
Suppose 4*j = 2*v + 6*j, 12 = v - 3*j. Calculate the remainder when (145/10)/(2/28) is divided by v.
2
What is the remainder when 11 - -6*6202/28 is divided by 79?
76
What is the remainder when 45/(1350/18876) - 2/10 is divided by 63?
62
Let v = -34 + 104. Let l(d) = d**2 - 10*d - 8. What is the remainder when v is divided by l(13)?
8
Let x(z) = 537*z + 3226. What is the remainder when 37 is divided by x(-6)?
1
Let q(f) = 10*f + 811. Calculate the remainder when 241 is divided by q(-77).
36
Suppose -42 = -25*r + 33. Suppose 3*k - 6 = 3, r*f = 5*k + 30. What is the remainder when f is divided by 4?
3
Let m(p) = -p**3 - p**2 - p + 45. Suppose -95*f + 639 = -89*f - 423. Calculate the remainder when f is divided by m(0).
42
Suppose 3*b + 242 = -13. Let g = -38 - b. What is the remainder when 134 is divided by g?
40
Let r(q) = 4*q**2 - 2*q - 1. Let x = 205892 + -205667. Calculate the remainder when x is divided by r(-2).
16
Let z be 0 + -848 + (-37 - -36). Let u = -827 - z. What is the remainder when 435 is divided by u?
17
Let z(b) = -11*b + 2 + 1 - 2 - 2*b**2. What is the remainder when (-10)/4*-2 - (-88 - -87) is divided by z(-5)?
0
Suppose -2*o + 116 = 2*x, -5*o = 3*x - 146 - 38. Let f = 94 - x. Suppose -i = 3*i - 324. What is the remainder when i is divided by f?
40
Suppose 4*s - 612 = 1208. Suppose 0 = 4*i - 9*i + s. What is the remainder when i is divided by (-80)/(-48) - -1*268/12?
19
Suppose -a + 71 + 23 = -4*w, 2*a + w = 161. What is the remainder when 257 is divided by a?
11
Let w(q) = -q**2 + 5*q + 3. Suppose 6 = -13*t + 16*t. Suppose 0*k = k + 4*g - 49, -5*k - 5*g + 290 = 0. Calculate the remainder when k is divided by w(t).
7
Let f be (2*-1)/((-4)/(-34)). Let m = -1298 + 1261. Let p = f - m. What is the remainder when p is divided by 9?
2
Let f(s) = s + 6. Calculate the remainder when -10*(-154)/70 - -4 is divided by f(8).
12
Suppose -66*f + 3705 = -46*f + 75*f. What is the remainder when 422 is divided by f?
32
Let s be 2/(-18) - ((-376)/(-18) - 1). Let q(i) = -i**3 - 21*i**2 - 24*i - 40. Calculate the remainder when q(s) is divided by 14.
12
Let f = 2568 + -2556. What is the remainder when 2399 is divided by f?
11
Suppose -13*l + 491 = -l - 25. What is the remainder when 214 is divided by l?
42
Let j be (-6 - -1328)*((-5)/10)/1. Let a = 678 + j. What is the remainder when a is divided by 2/7 - (-47)/7?
3
Suppose 0 = -9*i - 576 + 2619. Let r = -200 + i. Calculate the remainder when 132 is divided by r.
24
Suppose -4*s = 5*m - 69, 4*m - 56 = s - 5. Suppose m*c - 14*c = 10. What is the remainder when 20/(-50) - 984/c is divided by 25?
23
Let a(p) = -p**3 + 10*p**2 + 6*p - 6. Let l be a(6). Let g = -290 + l. Let i = -64 - g. What is the remainder when i is divided by 18?
16
Suppose -2*z + 61 = -27. Suppose -z = -4*g + 2*g. Let x = 162398 + -162311. What is the remainder when x is divided by g?
21
Suppose -2*d + 15 = -3*b, 4*d + 0*d - 5*b - 25 = 0. Suppose d = -5*k + 14 + 46. Calculate the remainder when 453 is divided by k.
9
Suppose 5*x - 22195 = 4*o, 0 = x - 457*o + 460*o - 4420. Calculate the remainder when x is divided by 51.
49
Suppose 0 = -3*n - 11*n + 3164. Let x = 52 - n. Let p = x - -254. Calculate the remainder when p is divided by 14.
10
Suppose 3*g = h - 3*h + 402, h + 3*g - 201 = 0. What is the remainder when 1357 is divided by h?
151
Let o(l) = 26*l**2 - 909*l - 20. Calculate the remainder when 806 is divided by o(35).
11
Let u = 366 + 104. Suppose -146*s = -151*s + u. Calculate the remainder when s is divided by 34.
26
Let n be 20 - ((-9)/18 - 5/(-2)). Let x = 0 - 1. Let g = x + n. Calculate the remainder when g is divided by 16.
1
Suppose 4*r - 4*j - 248 = 0, 5*r - 2*j - j - 314 = 0. Let k(v) = 3*v**2 + 23*v + 124. Calculate the remainder when k(0) is divided by r.
60
Let o = -163 + 164. What is the remainder when 11 is divided by 66/55 - o/5 - -4?
1
Let q be (-18)/(4*(-4)/1216*6). Suppose 3*d + 0*u - u - 163 = 0, -4*u = 4*d - q. What is the remainder when 382 is divided by d?
52
Let i = -333 + 372. Suppose -7*q - 21 = -3*r - 2*q, -i = -3*r - q. Calculate the remainder when 57 is divided by r.
9
Let k(g) = 7*g**2 + 2*g + 4. Let l be k(-3). Suppose -2*z = -z - l. What is the remainder when z is divided by 31?
30
Suppose -4*h + 164 = -3*c + 5*c, -h + c = -35. Suppose 9*n - 6*n = h. Suppose n*t = 8*t + 110. What is the remainder when 40 is divided by t?
18
Suppose -4*s + 3*h + 0*h - 161 = 0, -5*s + 4*h - 202 = 0. Let f = s + 145. Calculate the remainder when 276 is divided by (104 - f) + (35 - (1 + 0)).
28
What is the remainder when 1345 is divided by 37 - -9 - -12 - -13?
67
Let n = 1518 + -1189. Calculate the remainder when n is divided by 26.
17
Let r be (-12)/(28/7) - -86. Let v = -22 + r. What is the remainder when 302 is divided by v?
58
Suppose -2894 = -5*f - 6*v, -13*f + 9*f = -4*v - 2236. Calculate the remainder when 601 is divided by f.
33
Suppose 4*s - 866 + 840 = -2*p, -p = 4*s - 31. Calculate the remainder when (-16)/(((-15)/18)/5) is divided by s.
6
Suppose 0 = 4*j + 2*f - 122, -20*j - 119 = -24*j + f. Calculate the remainder when 31 is divided by j.
1
Suppose h + 5 = 0, 48 = 2*r - 3*h - 69. Let x(i) = -16*i + 243. Calculate the remainder when r is divided by x(14).
13
Suppose -4*v - 5*c + 1152 = -675, 0 = 2*c - 14. Calculate the remainder when v is divided by 93.
76
Let m(j) = -j**3 + 11*j**2 + 27*j. Let u be m(13). Suppose s - 39 = u. What is the remainder when 155 is divided by s?
51
Let f = -4 - -20. Let o = 22 - f. Let g(q) = -q**3 - 15*q**2 + 16*q + 12. Calculate the remainder when g(-16) is divided by o.
0
Suppose -46*s + 15385 = -5085. Calculate the remainder when s is divided by 109.
9
Suppose 4 = -2*r + 6. Let y be ((-9)/27)/(r/(-27)). Let m(g) = -g**3 + 10*g**2 - 8*g + 8. Calculate the remainder when m(y) is divided by 3.
2
Let z = -4145 - -5432. Calculate the remainder when z is divided by 46.
45
Suppose -z - 5*z = -30. Suppose 3*t = -3*y - 3, -1 = 2*t + 3*y + 5. Suppose d = -z*v + 19, t*d - 16 = -2*v + 15. What is the remainder when d is divided by 4?
1
Let f(c) = -c**3 - c - 162. Let j be f(0). Calculate the remainder when (-404)/(-6) + (-126)/378 is divided by (-14)/21*j/4.
13
Suppose 0 = -35*o + 30*o + 25. Suppose 7*q - o*q = 174. Let f = q - 61. Calculate the remainder when 102 is divided by f.
24
Let z(f) = 14*f - 304. What is the remainder when z(27) is divided by 35?
4
Let s = 4727 - 4622. Let b be (-4)/14*(-8 + 1). Suppose -b*j = 4*h - 100, j = -3*h - 3*j + 65. Calculate the remainder when s is divided by h.
24
Let a be 1 + (2 + 2 - 1). Suppose -5*y - a = 3*q, 2*y + 3*q = 2*q - 2. Calculate the remainder when 0 + (17 - y - 2) is divided by 10.
7
Suppose -2*f = -3*l - 81, 4*l - 38 - 64 = -2*f. What is the remainder when 358 is divided by f?
43
Let o(t) = 2*t**2 + 2691*t + 8078. What is the remainder when (-2 - -6)*(-75)/(-4) is divided by o(-3)?
6
Let h(d) = -d + 399. Let z(v) = -v - 199. Let o(a) = -2*h(a) - 5*z(a). Calculate the remainder when 54 is divided by o(-27).
6
Let u = 7352 - 7266. Let i = 28 + 17. What is the remainder when u is divided by i?
41
Suppose 499 = 4*t - 69. Calculate the remainder when t is divided by 3/(-12)*(41 + -85).
10
Suppose 2*j - 310 = 3*z, -4*j = 3*z - 6*z - 620. What is the remainder when j is divided by 100?
55
Calculate the remainder when (-12 + -4)/(-80) + (-2418)/(-10) is divided by 168.
74
Let s(h) = 4*h**2 - 26*h - 6. Calculate the remainder when s(7) is divided by ((-162)/(-16))/3 - 402/1072.
2
Let m = 41 - 61. Let f = m - -23. Suppose f*c - 53 = 31. Calculate the remainder when 53 is divided by c.
25
Suppose -4*d = -3*l + 249, -5*l + d = -99 - 316. Suppose c + 0*c = l. Suppose -6*y = -c + 65. What is the remainder when 13 is divided by y?
1
Let f be -8*(0 - -12)*(-30)/18. Suppose f - 64 = -2*y. Let g = 92 + y. What is the remainder when 86 is divided by g?
42
Let g be 2868/52 - (-6)/(-39). Suppose p = -4*p + g. Calculate the remainder when (p/3)/((-8)/(-168)) - 2 is divided by 19.
18
Let d(q) = 2*q + 1334. Calculate the remai